-- phpMyAdmin SQL Dump
-- version 4.5.1
-- http://www.phpmyadmin.net
--
-- Host: 127.0.0.1
-- Czas generowania: 11 Paź 2023, 10:48
-- Wersja serwera: 10.1.8-MariaDB
-- Wersja PHP: 5.5.30

SET SQL_MODE = "NO_AUTO_VALUE_ON_ZERO";
SET time_zone = "+00:00";


/*!40101 SET @OLD_CHARACTER_SET_CLIENT=@@CHARACTER_SET_CLIENT */;
/*!40101 SET @OLD_CHARACTER_SET_RESULTS=@@CHARACTER_SET_RESULTS */;
/*!40101 SET @OLD_COLLATION_CONNECTION=@@COLLATION_CONNECTION */;
/*!40101 SET NAMES utf8mb4 */;

--
-- Baza danych: `zad5`
--

-- --------------------------------------------------------

--
-- Struktura tabeli dla tabeli `dzialy`
--

CREATE TABLE `dzialy` (
  `iddzialu` int(11) NOT NULL,
  `nazwaDzialu` text CHARACTER SET utf8 COLLATE utf8_polish_ci,
  `Miejscowosc` text CHARACTER SET utf8 COLLATE utf8_polish_ci
) ENGINE=InnoDB DEFAULT CHARSET=latin1;

--
-- Zrzut danych tabeli `dzialy`
--

INSERT INTO `dzialy` (`iddzialu`, `nazwaDzialu`, `Miejscowosc`) VALUES
(1, 'informatyka', 'Łódź'),
(2, 'dyrekcja', 'Warszawa'),
(3, 'księgowość', 'Kraków'),
(4, 'marketing', 'Poznań'),
(5, 'usługi', 'Wrocław');

-- --------------------------------------------------------

--
-- Struktura tabeli dla tabeli `pracownicy`
--

CREATE TABLE `pracownicy` (
  `idPracownika` int(11) NOT NULL,
  `nazwisko` text CHARACTER SET utf8 NOT NULL,
  `stanowisko` text CHARACTER SET utf8 COLLATE utf8_polish_ci NOT NULL,
  `data_zat` date NOT NULL,
  `pensja` int(11) NOT NULL,
  `premia` int(11) NOT NULL,
  `idDzialu` int(11) NOT NULL,
  `grupa` int(11) NOT NULL
) ENGINE=InnoDB DEFAULT CHARSET=latin1;

--
-- Zrzut danych tabeli `pracownicy`
--

INSERT INTO `pracownicy` (`idPracownika`, `nazwisko`, `stanowisko`, `data_zat`, `pensja`, `premia`, `idDzialu`, `grupa`) VALUES
(1, 'Wiśniewska', 'analityk', '0000-00-00', 5300, 0, 1, 2),
(10, 'Kowalski', 'informatyk', '1980-11-01', 9200, 0, 1, 6),
(20, 'Wiśniewski', 'analityk', '1986-01-01', 5500, 500, 1, 2),
(30, 'Malinowski', 'księgowy', '1990-05-15', 8400, 0, 1, 5),
(40, 'Karwoski', 'informatyk', '1986-09-01', 8750, 0, 4, 5),
(50, 'Kowal', 'analityk', '1996-07-15', 4100, 600, 2, 1),
(60, 'Maliniak', 'księgowy', '1991-01-01', 5850, 0, 2, 2),
(70, 'Marciniak', 'informatyk', '1975-01-01', 7150, 850, 3, 4),
(80, 'Pigwa', 'księgowy', '1999-12-01', 6750, 450, 3, 3),
(90, 'Jaskółka', 'analityk', '1995-06-15', 4220, 0, 3, 1),
(100, 'Jaskółka', 'informatyk', '1988-08-08', 5300, 0, 4, 2),
(110, 'Kowalska', 'informatyk', '1980-11-01', 5000, 400, 4, 1),
(120, 'Wiśniewska', 'analityk', '1986-01-01', 4950, 0, 4, 1),
(130, 'Malinowska', 'księgowy', '1990-05-15', 5150, 0, 3, 2),
(140, 'Karwowska', 'informatyk', '1986-09-01', 4550, 1550, 1, 1),
(150, 'Kowalówna', 'analityk', '1996-07-15', 4800, 0, 4, 1),
(160, 'Maliniakowa', 'księgowy', '1991-01-01', 5900, 0, 2, 2),
(170, 'Marciniakowa', 'informatyk', '1975-01-01', 6400, 800, 5, 3),
(180, 'Barski', 'księgowy', '1999-12-01', 6600, 0, 1, 3),
(190, 'Jaskółka', 'analityk', '1995-06-15', 6000, 550, 1, 2),
(200, 'Dąbrowska', 'informatyk', '1988-08-08', 5980, 0, 5, 2);

-- --------------------------------------------------------

--
-- Struktura tabeli dla tabeli `zaszeregowania`
--

CREATE TABLE `zaszeregowania` (
  `grupa` int(11) NOT NULL,
  `od` int(11) NOT NULL,
  `do` int(11) NOT NULL
) ENGINE=InnoDB DEFAULT CHARSET=latin1;

--
-- Zrzut danych tabeli `zaszeregowania`
--

INSERT INTO `zaszeregowania` (`grupa`, `od`, `do`) VALUES
(1, 4000, 5000),
(2, 5001, 6000),
(3, 6001, 7000),
(4, 7001, 8000),
(5, 8001, 9000),
(6, 9001, 10000);

--
-- Indeksy dla zrzutów tabel
--

--
-- Indexes for table `dzialy`
--
ALTER TABLE `dzialy`
  ADD PRIMARY KEY (`iddzialu`);

--
-- Indexes for table `pracownicy`
--
ALTER TABLE `pracownicy`
  ADD PRIMARY KEY (`idPracownika`);

--
-- Indexes for table `zaszeregowania`
--
ALTER TABLE `zaszeregowania`
  ADD PRIMARY KEY (`grupa`);

--
-- AUTO_INCREMENT for dumped tables
--

--
-- AUTO_INCREMENT dla tabeli `dzialy`
--
ALTER TABLE `dzialy`
  MODIFY `iddzialu` int(11) NOT NULL AUTO_INCREMENT, AUTO_INCREMENT=6;
--
-- AUTO_INCREMENT dla tabeli `zaszeregowania`
--
ALTER TABLE `zaszeregowania`
  MODIFY `grupa` int(11) NOT NULL AUTO_INCREMENT, AUTO_INCREMENT=7;
/*!40101 SET CHARACTER_SET_CLIENT=@OLD_CHARACTER_SET_CLIENT */;
/*!40101 SET CHARACTER_SET_RESULTS=@OLD_CHARACTER_SET_RESULTS */;
/*!40101 SET COLLATION_CONNECTION=@OLD_COLLATION_CONNECTION */;
